{"id":84,"date":"2024-09-01T17:47:33","date_gmt":"2024-09-01T15:47:33","guid":{"rendered":"http:\/\/www.grazereisbaeren.at\/?page_id=84"},"modified":"2024-09-13T16:35:21","modified_gmt":"2024-09-13T14:35:21","slug":"verein","status":"publish","type":"page","link":"https:\/\/www.grazereisbaeren.at\/index.php\/verein\/","title":{"rendered":"Verein"},"content":{"rendered":"\n<p><strong>Vereinsname: EC Grazer Eisb\u00e4ren<\/strong><\/p>\n\n\n\n<p><strong>Gr\u00fcndung: 2002<br><\/strong><strong>Obmann: Bernhard Plank<br><\/strong><strong>Kassier: Gerhard Lehmann<\/strong><br><strong>Schriftf\u00fchrer: Bernhard Plank<\/strong><\/p>\n\n\n\n<p><strong>Chronologie:<\/strong><\/p>\n\n\n\n<p>In den Sommermonaten 2002 wurde aus ehemaligen Spielern des EC Hautzendorf, des EC Durschti Ducks und einigen Teichspielern der EC Grazer Eisb\u00e4ren gegr\u00fcndet. <\/p>\n\n\n\n<p>Der Verein nimmt seit der Saison 2002\/2003 an der NHL Graz teil.<\/p>\n\n\n\n<p>Anfangs bestand unsere Mannschaft aus ca. 15 aktiven Spielern. Nach 4 erfolgreichen Saisonen wurde im Sommer 2006 die Idee geboren eine zweite Kampfmannschaft zu gr\u00fcnden, da die Zahl der aktiven Spieler mittlerweile auf 27 angewachsen war.<\/p>\n\n\n\n<p>Gesagt \u2013 getan: In der Saison 2006\/2007 nahmen somit erstmals 2 Mannschaften der Grazer Eisb\u00e4ren an der NHL Graz teil.<\/p>\n\n\n\n<p><strong>Erfolge:<\/strong><\/p>\n\n\n\n<p><strong>Meister Gruppe E, Aufstieg in die Gruppe D, Saison 2004\/20052.<\/strong><\/p>\n\n\n\n<p><strong>Platz Gruppe E, Sieger Mittleres Play Off, Saison 2006\/2007<\/strong><\/p>\n\n\n\n<p><strong>KM II \u2013 Meister Gruppe G, Aufstieg in die Gruppe F, Saison 2006\/2007&nbsp;<\/strong><\/p>\n\n\n\n<p>Zukunft:<\/p>\n\n\n\n<p>Neben weiteren sportlichen Erfolgen ist es uns auch ein gro\u00dfes Anliegen Kinder und Jugendliche in unseren Verein zu integrieren. Aus diesem Grund wurde in der Saison 2006\/2007 damit begonnen, einmal monatlich ein Training mit S\u00f6hnen unserer Spieler, deren Freunden und auch allen anderen eishockeybegeisterten Jungendlichen abzuhalten. Dies ist nicht nur eine gro\u00dfe Freude f\u00fcr uns, sondern nat\u00fcrlich auch sehr wichtig, da ja bekanntlich niemand j\u00fcnger wird und unser Verein noch \u00fcber viele Jahre hinweg sportliche und auch kameradschaftliche Erfolge feiern soll.<\/p>\n","protected":false},"excerpt":{"rendered":"<p>Vereinsname: EC Grazer Eisb\u00e4ren Gr\u00fcndung: 2002Obmann: Bernhard PlankKassier: Gerhard LehmannSchriftf\u00fchrer: Bernhard Plank Chronologie: In den Sommermonaten 2002 wurde aus ehemaligen Spielern des EC Hautzendorf, des EC Durschti Ducks und einigen Teichspielern der EC Grazer Eisb\u00e4ren gegr\u00fcndet. Der Verein nimmt seit der Saison 2002\/2003 an der NHL Graz teil. Anfangs bestand unsere Mannschaft aus ca. 15&hellip;&nbsp;<a href=\"https:\/\/www.grazereisbaeren.at\/index.php\/verein\/\" rel=\"bookmark\">Weiterlesen &raquo;<span class=\"screen-reader-text\">Verein<\/span><\/a><\/p>\n","protected":false},"author":1,"featured_media":0,"parent":0,"menu_order":0,"comment_status":"closed","ping_status":"closed","template":"","meta":{"neve_meta_sidebar":"","neve_meta_container":"","neve_meta_enable_content_width":"","neve_meta_content_width":0,"neve_meta_title_alignment":"","neve_meta_author_avatar":"","neve_post_elements_order":"","neve_meta_disable_header":"","neve_meta_disable_footer":"","neve_meta_disable_title":"","footnotes":""},"class_list":["post-84","page","type-page","status-publish","hentry"],"_links":{"self":[{"href":"https:\/\/www.grazereisbaeren.at\/index.php\/wp-json\/wp\/v2\/pages\/84","targetHints":{"allow":["GET"]}}],"collection":[{"href":"https:\/\/www.grazereisbaeren.at\/index.php\/wp-json\/wp\/v2\/pages"}],"about":[{"href":"https:\/\/www.grazereisbaeren.at\/index.php\/wp-json\/wp\/v2\/types\/page"}],"author":[{"embeddable":true,"href":"https:\/\/www.grazereisbaeren.at\/index.php\/wp-json\/wp\/v2\/users\/1"}],"replies":[{"embeddable":true,"href":"https:\/\/www.grazereisbaeren.at\/index.php\/wp-json\/wp\/v2\/comments?post=84"}],"version-history":[{"count":3,"href":"https:\/\/www.grazereisbaeren.at\/index.php\/wp-json\/wp\/v2\/pages\/84\/revisions"}],"predecessor-version":[{"id":122,"href":"https:\/\/www.grazereisbaeren.at\/index.php\/wp-json\/wp\/v2\/pages\/84\/revisions\/122"}],"wp:attachment":[{"href":"https:\/\/www.grazereisbaeren.at\/index.php\/wp-json\/wp\/v2\/media?parent=84"}],"curies":[{"name":"wp","href":"https:\/\/api.w.org\/{rel}","templated":true}]}}